remainder when 56 is divided by 20.
16
Calculate the remainder when 33 is divided by 3.
0
What is the remainder when 119 is divided by 27?
11
What is the remainder when 236 is divided by 22?
16
What is the remainder when 556 is divided by 17?
12
Calculate the remainder when 333 is divided by 68.
61
What is the remainder when 2185 is divided by 146?
141
Calculate the remainder when 23 is divided by 1.
0
Calculate the remainder when 572 is divided by 181.
29
What is the remainder when 81 is divided by 21?
18
Calculate the remainder when 918 is divided by 231.
225
Calculate the remainder when 205 is divided by 13.
10
Calculate the remainder when 1121 is divided by 9.
5
What is the remainder when 88 is divided by 26?
10
What is the remainder when 422 is divided by 69?
8
Calculate the remainder when 1030 is divided by 274.
208
What is the remainder when 897 is divided by 436?
25
What is the remainder when 465 is divided by 20?
5
What is the remainder when 31 is divided by 28?
3
Calculate the remainder when 3170 is divided by 288.
2
What is the remainder when 79 is divided by 6?
1
Calculate the remainder when 5265 is divided by 375.
15
Calculate the remainder when 1279 is divided by 40.
39
What is the remainder when 636 is divided by 10?
6
Calculate the remainder when 61 is divided by 11.
6
Calculate the remainder when 127 is divided by 58.
11
What is the remainder when 638 is divided by 8?
6
What is the remainder when 381 is divided by 175?
31
What is the remainder when 85 is divided by 32?
21
What is the remainder when 136 is divided by 131?
5
Calculate the remainder when 5276 is divided by 40.
36
What is the remainder when 469 is divided by 123?
100
What is the remainder when 1547 is divided by 85?
17
Calculate the remainder when 105 is divided by 36.
33
Calculate the remainder when 573 is divided by 118.
101
What is the remainder when 24 is divided by 18?
6
Calculate the remainder when 10611 is divided by 61.
58
Calculate the remainder when 292 is divided by 185.
107
What is the remainder when 2508 is divided by 157?
153
What is the remainder when 324 is divided by 110?
104
What is the remainder when 868 is divided by 44?
32
Calculate the remainder when 598 is divided by 4.
2
What is the remainder when 736 is divided by 67?
66
What is the remainder when 548 is divided by 27?
8
What is the remainder when 115 is divided by 9?
7
What is the remainder when 442 is divided by 105?
22
Calculate the remainder when 1482 is divided by 1467.
15
Calculate the remainder when 168 is divided by 55.
3
What is the remainder when 179 is divided by 2?
1
Calculate the remainder when 181 is divided by 14.
13
Calculate the remainder when 303 is divided by 47.
21
Calculate the remainder when 2127 is divided by 14.
13
What is the remainder when 80 is divided by 50?
30
What is the remainder when 143 is divided by 67?
9
What is the remainder when 1066 is divided by 291?
193
Calculate the remainder when 3640 is divided by 364.
0
What is the remainder when 893 is divided by 29?
23
Calculate the remainder when 426 is divided by 104.
10
Calculate the remainder when 221 is divided by 32.
29
What is the remainder when 212 is divided by 55?
47
Calculate the remainder when 638 is divided by 130.
118
What is the remainder when 224 is divided by 80?
64
What is the remainder when 204 is divided by 48?
12
What is the remainder when 112 is divided by 63?
49
Calculate the remainder when 167 is divided by 29.
22
Calculate the remainder when 348 is divided by 16.
12
What is the remainder when 43 is divided by 43?
0
Calculate the remainder when 111 is divided by 15.
6
What is the remainder when 140 is divided by 51?
38
Calculate the remainder when 4191 is divided by 131.
130
Calculate the remainder when 514 is divided by 75.
64
Calculate the remainder when 9854 is divided by 15.
14
Calculate the remainder when 50 is divided by 13.
11
What is the remainder when 199 is divided by 67?
65
Calculate the remainder when 66 is divided by 34.
32
What is the remainder when 2749 is divided by 34?
29
Calculate the remainder when 180 is divided by 26.
24
Calculate the remainder when 474 is divided by 28.
26
What is the remainder when 186 is divided by 64?
58
Calculate the remainder when 943 is divided by 414.
115
What is the remainder when 192 is divided by 3?
0
Calculate the remainder when 1078 is divided by 39.
25
Calculate the remainder when 170 is divided by 63.
44
Calculate the remainder when 97 is divided by 17.
12
What is the remainder when 305 is divided by 39?
32
What is the remainder when 199 is divided by 62?
13
What is the remainder when 306 is divided by 22?
20
Calculate the remainder when 191 is divided by 39.
35
What is the remainder when 107 is divided by 12?
11
Calculate the remainder when 569 is divided by 69.
17
What is the remainder when 145 is divided by 31?
21
Calculate the remainder when 432 is divided by 53.
8
What is the remainder when 4369 is divided by 47?
45
What is the remainder when 43 is divided by 33?
10
Calculate the remainder when 39 is divided by 20.
19
What is the remainder when 901 is divided by 41?
40
What is the remainder when 494 is divided by 40?
14
What is the remainder when 11 is divided by 9?
2
What is the remainder when 46 is divided by 12?
10
Calculate the remainder when 7151 is divided by 24.
23
Calculate the remainder when 630 is divided by 108.
90
Calculate the remainder when 960 is divided by 325.
310
What is the remainder when 11 is divided by 7?
4
Calculate the remainder when 214 is divided by 97.
20
What is the remainder when 386 is divided by 23?
18
Calculate the remainder when 310 is divided by 61.
5
Calculate the remainder when 915 is divided by 228.
3
Calculate the remainder when 160 is divided by 23.
22
Calculate the remainder when 3307 is divided by 151.
136
What is the remainder when 1056 is divided by 72?
48
What is the remainder when 254 is divided by 65?
59
Calculate the remainder when 142 is divided by 13.
12
What is the remainder when 283 is divided by 4?
3
Calculate the remainder when 203 is divided by 62.
17
Calculate the remainder when 75 is divided by 12.
3
What is the remainder when 3372 is divided by 14?
12
What is the remainder when 259 is divided by 21?
7
What is the remainder when 134 is divided by 71?
63
What is the remainder when 292 is divided by 235?
57
Calculate the remainder when 1746 is divided by 12.
6
Calculate the remainder when 219 is divided by 62.
33
Calculate the remainder when 2611 is divided by 870.
1
What is the remainder when 891 is divided by 20?
11
Calculate the remainder when 58 is divided by 49.
9
Calculate the remainder when 2650 is divided by 156.
154
What is the remainder when 496 is divided by 5?
1
What is the remainder when 670 is divided by 328?
14
Calculate the remainder when 81 is divided by 11.
4
What is the remainder when 54 is divided by 28?
26
What is the remainder when 857 is divided by 6?
5
What is the remainder when 305 is divided by 159?
146
Calculate the remainder when 2759 is divided by 459.
5
What is the remainder when 61982 is divided by 26?
24
What is the remainder when 129 is divided by 47?
35
Calculate the remainder when 336 is divided by 31.
26
What is the remainder when 181 is divided by 41?
17
What is the remainder when 3631 is divided by 139?
17
Calculate the remainder when 1305 is divided by 34.
13
What is the remainder when 304 is divided by 9?
7
Calculate the remainder when 100 is divided by 22.
12
Calculate the remainder when 229 is divided by 28.
5
Calculate the remainder when 58 is divided by 17.
7
What is the remainder when 187 is divided by 42?
19
What is the remainder when 97 is divided by 51?
46
What is the remainder when 2879 is divided by 36?
35
Calculate the remainder when 47 is divided by 26.
21
Calculate the remainder when 49 is divided by 12.
1
What is the remainder when 96 is divided by 64?
32
Calculate the remainder when 7111 is divided by 28.
27
Calculate the remainder when 475 is divided by 28.
27
What is the remainder when 1831 is divided by 130?
11
Calculate the remainder when 315 is divided by 40.
35
What is the remainder when 136 is divided by 64?
8
What is the remainder when 2667 is divided by 103?
92
Calculate the remainder when 171 is divided by 5.